d 2?
2
Suppose -4 = -10*c + 6*c. Let p be (-3)/(2/(-2)*c). Suppose 0 = -4*j + p*q - 20 + 80, j - 4 = -2*q. What is the greatest common factor of 3 and j?
3
Suppose 0 = 3*l + 3*l - 552. Calculate the greatest common divisor of l and 12.
4
Let q = -627 + 659. Calculate the greatest common factor of 2 and q.
2
Let g(w) = -2*w**2 + w + 2. Let r be g(-2). Let b = 10 + r. Suppose 4*n - 2*j = -3*j + 49, 0 = b*n + 3*j - 37. What is the greatest common factor of n and 99?
11
Let m = -15 - -9. Let p = 8 - m. Suppose -3*x + 26 = p. Calculate the greatest common factor of 6 and x.
2
Let j be (-4)/(-14) - 285/(-7). Let x = 8236 - 8031. What is the greatest common factor of j and x?
41
Let l(x) = 5*x - 9. Suppose 0 = -n - 2 + 11. Let a be l(n). Let d = a - 26. What is the greatest common factor of 10 and d?
10
Let d be 1/6 + (-34)/(-12). Suppose -84 = 3*x + d*r, -3*x - 21 = -r + 63. Let k = x - -55. What is the highest common divisor of 297 and k?
27
Let c(d) be the second derivative of d**5/20 - d**4/12 - d**3/3 + 91*d**2/2 + 24*d. Let l be c(0). Calculate the greatest common factor of 13 and l.
13
Let m = 10 + 25. Let t = m + -9. Suppose -52 = -3*o + t. Calculate the highest common divisor of o and 39.
13
Let r(w) = w + 11. Let y be r(9). Suppose -3*o = o - m - 361, -4*m = 4*o - 356. What is the greatest common divisor of o and y?
10
Suppose 8*d = -2*d + 170. Let g = 27 - d. What is the greatest common factor of g and 30?
10
Let v be (0 - (1 - 3)) + 16. Suppose -2*n + 8 = 2*q, -2*q + 7*q = -3*n + v. What is the greatest common factor of n and 4?
1
Let g be (36/(-10))/(69/230). Let s be 3/g*6*(-256)/12. What is the greatest common factor of s and 352?
32
Let f(u) = u**2 - 3*u**3 - 6 + 3*u + 2*u**3 + 6*u**2. Let y be f(4). What is the greatest common divisor of 135 and y?
27
Let k(b) = -31*b - 581. Let z be k(-25). What is the highest common divisor of z and 2037?
97
Let d(b) = 24*b. Let n be d(1). Suppose 116 - 20 = 6*a. Suppose 3*o = 2*o + a. What is the highest common factor of o and n?
8
Let v be 2/(1 - (-6)/(-12)). Calculate the greatest common factor of 34 and v.
2
Suppose -59 = -4*y + 133. Suppose -f + y = 3*f. Let u = -921 + 927. What is the highest common divisor of f and u?
6
Let s = -7 + 10. Suppose -5*l - 52 = -3*b, -2*b + s*l + 49 = 14. Suppose 0 = 22*v - 676 - 578. Calculate the highest common divisor of v and b.
19
Let n(x) = 3*x**2 - 37*x - 58. Let w(i) = i**2 - 12*i - 19. Let o(h) = 2*n(h) - 7*w(h). Let f be o(11). What is the highest common divisor of f and 15?
3
Let m = -17 - -29. Suppose 2920*g = 2927*g - 84. What is the greatest common factor of m and g?
12
Let u(b) = -b**3 + 26*b**2 + 92*b + 50. Let x be u(29). Calculate the highest common divisor of x and 15.
15
Let c be (-16)/(-7) - (40/(-56) + 1). Suppose -d - 31 = -c*k - 12, 0 = -2*k + 4*d + 4. What is the highest common factor of k and 18?
6
Suppose -5*h = -3*n + 6*n - 109, n - 43 = -3*h. What is the greatest common divisor of n and 70?
14
Suppose 0 = -4*t + 5*t - 48. Suppose -52 = -5*x - 22. Calculate the highest common factor of x and t.
6
Let a be 12 + (4 - 4) + 5. Calculate the highest common divisor of 289 and a.
17
Let r be -4 - (-3)/((-12)/(-16)). Suppose 0 = p - r*p - 20. What is the highest common factor of 20 and p?
20
Let v = -63 - -72. Let t(i) = -i**3 + 6*i**2 + 2*i - 4. Let h be t(6). Suppose 0 = -2*j - 2 + h. What is the greatest common factor of v and j?
3
Suppose 0 = a + j + 4*j - 2, -2*a = -4*j - 32. Suppose -4*o + 2 = 3*d, d - 5*o + 55 = -4*d. Let g be 17/3 - 2/d. What is the greatest common factor of g and a?
6
Let m be ((-2)/3)/((-1)/351). Suppose -10 = -5*n + 5, 5*j - m = 2*n. What is the highest common factor of 8 and j?
8
Suppose 7*t + 4 - 32 = 0. Let w be (78/t)/(12/32). What is the highest common factor of w and 13?
13
Let o = -6 - -420. What is the highest common divisor of 36 and o?
18
Suppose y - 14 = 2*v + 1, 0 = 3*y + v - 24. Calculate the highest common divisor of 27 and y.
9
Suppose w - 20 = -0*m + 2*m, 2*w - m - 37 = 0. What is the greatest common factor of w and 198?
18
Let x = 67 - 47. Suppose -7 = -4*g - 3*f + x, 0 = 2*g - 2*f - 24. Calculate the greatest common divisor of 63 and g.
9
Suppose 129 + 47 = 2*n. Suppose 7 = 2*z - 6*u + 3*u, -4*z = -5*u - 19. Calculate the highest common factor of n and z.
11
Suppose 2*q - 115 = -5*j + 2*j, j + 4*q = 45. Suppose 6*u - 301 = -j. Calculate the highest common factor of u and 77.
11
Suppose -2*x - 726 = -5*l + 2774, 5*l = 20. Let a be x/(-48) + (-2)/8. Calculate the highest common factor of a and 4.
4
Suppose -q - 172 = -5*v + 194, q = -v + 78. Suppose 5*x - 2*s = 15 + 71, 0 = -5*x - 2*s + v. What is the greatest common divisor of x and 144?
16
Suppose 0 = 5*o - o - 36. Let x = o + -7. Suppose 4*j = -3*y - y + 16, 3*y - x*j = 12. Calculate the highest common factor of 4 and y.
4
Let p(x) = 39*x - 201. Let t be p(7). What is the highest common divisor of 120 and t?
24
Let y(d) = -7*d**3 + 3*d**2 + 4*d + 1. Let w be y(-2). What is the highest common divisor of 305 and w?
61
Let h(i) = i**2 - 14*i + 81. Let p be h(9). Calculate the greatest common divisor of p and 48.
12
Let z be 6*248/240 + 4/5. Suppose 2*s + 0*s = -3*f + 52, f - s - 9 = 0. Calculate the greatest common divisor of f and z.
7
Let x = -13 - -21. Suppose 3*w = r + x, -7*w + 2*w + 12 = -r. Let z be (154/21)/(w/30). Calculate the highest common divisor of 10 and z.
10
Let o be (-3)/(-8)*(-160)/20 - -11. Let q be (24/(-2))/(3/(-2)). What is the highest common divisor of q and o?
8
Suppose -46 - 26 = -4*h. Calculate the greatest common divisor of 207 and h.
9
Suppose 12*y = 6*y. Suppose -q + 5 = -y. Calculate the highest common factor of 35 and q.
5
Let z be ((-112)/40)/(1/5). Let q be (-7)/(z/4) - -4. Let i be 12/18 - (-326)/q. Calculate the highest common divisor of 22 and i.
11
Suppose -4*w = -5*w + 2. Suppose -4*j + 57 = 5*f, -j + w*j - 11 = 2*f. What is the highest common factor of j and 91?
13
Suppose -2*s = 2*a - 86, 73 + 32 = 3*s - 5*a. Let l = -12155 - -12195. What is the highest common divisor of s and l?
40
Suppose 80 = 4*s + 3*j, 9 = s - 3*j - 11. Let k(h) = -h**3 - 46*h**2 - 172*h - 28. Let i be k(-42). Calculate the greatest common divisor of i and s.
20
Let y(t) = 5*t**3 - 1. Let a be y(1). Suppose 0 = k - 19 - 3. Let m = k + 2. What is the greatest common factor of m and a?
4
Let w(f) = -4*f + 62. Let l be w(10). Calculate the greatest common factor of 418 and l.
22
Suppose -i + 112 = 7*n - 2*n, 3*n + i - 68 = 0. Let z be ((-3)/(-5))/(-3 + 664/220). What is the highest common factor of z and n?
11
Suppose -5*l + l + 2*g - 30 = 0, l = -g - 6. Let a be (-2)/l - (-2592)/42. Let y = -40 + a. What is the highest common divisor of y and 11?
11
Let s = 212 - 204. Calculate the greatest common factor of 6 and s.
2
Let b = 299 - 286. What is the greatest common factor of b and 533?
13
Let j(k) = -64*k + 845. Let y be j(13). Calculate the highest common factor of y and 2327.
13
Let h(m) = -m**3 - 2*m + 4. Let x be h(-4). Suppose n - 5 + 3 = 0, -4*v + 74 = -n. Calculate the greatest common factor of x and v.
19
Let o(l) = 9*l + 51. Let m(h) = 2*h + 17. Let u be m(-4). Let z be o(u). What is the highest common divisor of 12 and z?
12
Let c(n) = 34*n**3 + 11*n - 22. Let j be c(2). What is the greatest common factor of 68 and j?
68
Let v = 125 - 67. Suppose 0 = -p - p + v. Let i(g) = -28*g + 2. Let u be i(-2). What is the greatest common factor of u and p?
29
Suppose 12 = -m + 4*m. Suppose -m*f + 3*h - 3 = 0, -3*f + 5*h = f + 5. Suppose g - 15 - 1 = f. What is the highest common divisor of 80 and g?
16
Let c(i) = i + 4. Let g be c(-2). Suppose u + 4*t - 46 = 0, g*u - 4*t = -11 + 43. What is the greatest common factor of u and 13?
13
Suppose 0 = -4*q - 8 + 20. Suppose 101 = q*l + 71. Calculate the greatest common factor of l and 80.
10
Let f be (-21 + 19)*(-414)/4. Calculate the greatest common factor of 23 and f.
23
Suppose 3*j + 35 = 635. Calculate the highest common divisor of 80 and j.
40
Let h be ((-52)/2 - (-2 + -2))/(-2). What is the greatest common factor of h and 55?
11
Let u(a) = a**2 - 21*a + 82. Let b be u(19). Calculate the highest common divisor of 8 and b.
4
Let f(m) = m**3 + 45*m**2 - 48*m - 61. Let s be f(-46). Suppose -3*